st common factor of 66 and m.
6
Let y be (-165)/(-6)*(-1 - -5). Suppose -3*d = -5*d + y. Calculate the greatest common divisor of 22 and d.
11
Suppose 7*g - 6*g = 11. What is the highest common divisor of g and 1?
1
Let c(g) = 9*g**2 + g - 2. Let m(u) = -u**2 - 8*u - 10. Let p be m(-7). Let r be c(p). What is the greatest common divisor of r and 19?
19
Let h(c) = -c**3 - 5*c**2 - c + 7. Let m be h(-6). What is the highest common factor of m and 7?
7
Let p(b) = b**2 + 2*b. Let z be p(-5). Suppose 534 = 4*k - 3*a - 0*a, -k - a = -137. Calculate the highest common factor of k and z.
15
Let r(o) = o**3 + 5*o**2 + 2*o + 12. Let u be r(-5). Suppose 10 = u*m - 5*f + 1, 0 = 4*f - 20. Calculate the highest common divisor of 17 and m.
17
Let v(w) = 4*w + 4. Let d be v(5). Let m = -75 + 87. Calculate the greatest common divisor of d and m.
12
Let w = -59 - -104. Let q = -3 - -9. Let x be (4/q)/(12/162). What is the greatest common divisor of x and w?
9
Suppose w + 5*j - 4*j = 21, -5*w = j - 93. Let r = -19 - -28. Calculate the greatest common factor of r and w.
9
Suppose -3*w + 0*w = -2*v + 59, -v - 2*w = -33. Let s = 45 - v. Let p be 2 + 2 + -3 - -55. What is the greatest common divisor of p and s?
14
Let p be -1 + 135 - (3 - 1). Let f(y) = y**2 + 13*y - 2. Let d be f(-14). Calculate the highest common divisor of d and p.
12
Suppose 0 = -5*q + 5. What is the highest common factor of q and 1?
1
Suppose 49*v - 46*v - 30 = 0. Calculate the greatest common divisor of 10 and v.
10
Let y = 79 + -42. Calculate the highest common divisor of y and 185.
37
Suppose 167 = 4*p + 3. Let r = p - 5. What is the highest common factor of 9 and r?
9
Let j = 40 - 22. Suppose -2*v + 4 = -v. Suppose -v*p - 12 = 4*w, p = -0*p + 5*w + 27. What is the highest common divisor of p and j?
2
Let i = -18 - -11. Let z(q) = q**3 + 8*q**2 + 5*q + 4. Let p be z(i). Calculate the greatest common factor of 9 and p.
9
Let o be ((-16)/(-6))/((-6)/54). Let z be o/15*(-5)/2. Calculate the highest common divisor of 2 and z.
2
Let s be 1/(-3) + (-7)/(-3). Let q be ((-4)/(-6))/(s/(-12)). Let x = 20 - q. What is the greatest common divisor of 36 and x?
12
Suppose 4*y + 5*m = 93, 5*m = -5*y + 99 + 16. What is the greatest common divisor of y and 33?
11
Suppose 597 = 2*t - 5*t. Let i = t + 309. Let r = -24 + 34. Calculate the highest common factor of r and i.
10
Let b(u) = u**3 + 11*u**2 - 16*u - 23. Let n be b(-12). Suppose w = 75 + 50. What is the greatest common divisor of w and n?
25
Let x(g) = 2*g**2 - 6*g - 5. Let h be x(5). Let b be 4/20 + (-38)/(-10). Suppose -b*m = m - 50. What is the greatest common factor of h and m?
5
Suppose -o = 5*f + o - 146, -5*f - o + 143 = 0. Let n be 2/7 + 272/f. Suppose 0 = r - 3*r + 20. What is the greatest common divisor of n and r?
10
Let b = 21 + -17. Let a = -8 + 18. What is the greatest common divisor of b and a?
2
Let t(n) = -n**2 + 11*n - 8. Let k be t(4). What is the greatest common factor of 10 and k?
10
Suppose 3*q = s + 64, -3*q + 0*q + 61 = 2*s. Calculate the highest common divisor of 84 and q.
21
Let p be (-3)/((4/33)/(-4)). Let l(s) = -s**3 - s**2 + 2*s. Let a be l(-2). Let u(b) = b + 11. Let x be u(a). What is the highest common divisor of p and x?
11
Let j = 117 + -66. What is the highest common divisor of j and 34?
17
Let f(y) = -3*y + 9. Let d(x) = x**3 - 9*x**2 - 2*x + 13. Let z be d(9). Let a be f(z). Calculate the greatest common factor of 60 and a.
12
Suppose -2*u + 210 = 8*u. What is the highest common divisor of u and 84?
21
Suppose -2*q = 2*q - 264. Suppose 2 - 8 = -c. What is the highest common divisor of q and c?
6
Suppose -2*z + 72 = -0*z. What is the highest common divisor of 54 and z?
18
Suppose -3*v - x = v - 12, 5*v + 5*x = 0. What is the highest common factor of v and 8?
4
Suppose 4*p + 4 = 0, -6*a + a + 3*p + 103 = 0. Let w = 5 + -1. Suppose -w*y - 5*b = -15, -6*y + 4*b + 29 = -y. What is the greatest common divisor of y and a?
5
Suppose -9*j + 0*j + 90 = 0. Suppose 3*p - 120 = -p. What is the greatest common divisor of j and p?
10
Let w(f) = 0*f + 8 - f + 10 - f**3. Let x be w(0). Let a be ((-6)/(-8))/(3/24). What is the greatest common factor of x and a?
6
Suppose o = -0*o + 13. Let h be (-730)/4 + 1/(-2). Let u = h - -261. What is the greatest common divisor of o and u?
13
Suppose 0*r = 18*r - 90. Calculate the highest common factor of r and 40.
5
Let a = 26 + 1. What is the greatest common divisor of a and 36?
9
Let m be 41 + 1/(-1) + 0. Suppose -4*r + m = -2*r. What is the greatest common factor of 80 and r?
20
Let t(u) = 7*u**2 - 5*u - 12. Let p be t(-2). Calculate the greatest common factor of p and 65.
13
Let x be (-7 + 2)*(-22)/10. Let b = -75 - -152. Calculate the highest common divisor of x and b.
11
Let o = -5 - -4. Let l be 4 + -3*o/3. Let s = 27 - l. Calculate the greatest common divisor of 11 and s.
11
Let p(z) = 39*z - 5. Let t be p(5). Suppose 0 = 4*o - 4*b - 60, -3*b - 47 = -5*o + 36. Calculate the greatest common divisor of o and t.
19
Let g(r) = r**3 + 4*r**2 + 2. Let t be g(-4). Suppose 3*m - 45 = -t*m. Calculate the highest common divisor of m and 1.
1
Suppose 6*w = 2*w + 12. Let n = w - 4. Let q(y) = -35*y**3 + y**2. Let i be q(n). Calculate the highest common factor of 6 and i.
6
Suppose 16 = p + 3*p. Suppose -129 = -0*v - 3*v - 3*c, -p = 4*c. Suppose 0 = -y + 5*y - v. What is the highest common factor of y and 11?
11
Let u(q) = q**2 + 5*q**2 - 3 + q - 5 + 3*q. Let v be u(-6). What is the highest common divisor of v and 23?
23
Suppose 0 = -4*v + 52 + 92. Let a(m) = m**3 + 15*m**2 + 21*m + 25. Let f be a(-13). Calculate the highest common factor of f and v.
18
Suppose -2*f = -4*g + g - 59, -f + 32 = -4*g. Calculate the highest common divisor of 308 and f.
28
Let h(w) be the second derivative of w**5/10 - 5*w**4/12 + w**3/2 - 2*w**2 - 5*w. Let q be h(3). Calculate the highest common divisor of 42 and q.
14
Let u = -101 - -169. Calculate the greatest common factor of u and 17.
17
Suppose -1522 = -6*s - 496. What is the greatest common divisor of s and 19?
19
Let v = 121 + 22. Calculate the greatest common divisor of 13 and v.
13
Suppose -5*s = -194 - 306. Calculate the highest common divisor of s and 25.
25
Suppose -3*t + 9 + 3 = 0. Suppose t*p = 20 - 8. Calculate the highest common divisor of 9 and p.
3
Let l(r) = r**2 + 2*r - 1. Let v be l(-4). Suppose -w - f + 0 = -v, 0 = -4*w + 3*f + 7. What is the highest common factor of w and 28?
4
Let j = 1 - -1. Suppose -5*w + j*x = -20 - 27, 3*w - 45 = -3*x. What is the greatest common factor of 22 and w?
11
Let b be -2 - -27 - 3*1. Let m be (-3)/21 + 2315/35. Calculate the greatest common factor of b and m.
22
Let j be -1 + (6 - (-2 + 5)) + 19. Calculate the greatest common factor of j and 189.
21
Let a = 185 - 159. What is the highest common divisor of 13 and a?
13
Suppose 0*c + 3*c = -2*b + 57, 2*c - 51 = 3*b. Suppose -5*h + 11 = -24. Suppose o + h = 2*o. What is the greatest common divisor of o and c?
7
Let v(q) = -q - 4. Let w be v(-4). Suppose w = -g - 2, 0 + 12 = 2*l - g. Let n be (110/(-4))/((-1)/2). Calculate the highest common divisor of n and l.
5
Let v = -163 - -243. Suppose 10*u = 25*u - 150. Calculate the greatest common divisor of u and v.
10
Let x(l) = -l**2 - 12*l - 4. Let z be x(-12). Let a be (-2)/z*(3 + 33). Calculate the highest common divisor of 2 and a.
2
Suppose -3*s + 68 = 2*m - 290, 5*s - 2*m = 602. Let u = -8 + 20. What is the highest common divisor of s and u?
12
Let h be (-5)/2*(3 + -5). Suppose 3*y - h*y = -4. Suppose d + 3*q = y*q + 7, 2*d - 4*q - 14 = 0. Calculate the greatest common factor of 21 and d.
7
Let k = 3 + -6. Let i(u) = -4*u**3 + u**2 + 2. Let q be i(k). What is the highest common divisor of 17 and q?
17
Let u be (2/(-6))/(-3*1/729). Calculate the highest common divisor of 9 and u.
9
Suppose 10 = 2*z - 0. Suppose 5*t = 3*y - 1, 10 = z*t - 10*t. Let c be (1/y)/((-1)/15). What is the greatest common divisor of 1 and c?
1
Suppose 38 = -v + 6*v - 4*y, 0 = v + 5*y + 4. Let l = 51 + -33. What is the greatest common divisor of v and l?
6
Let n be (-21)/(-12) + -2 + 1986/8. What is the highest common divisor of n and 62?
62
Let f = -3 + 7. Let a be (-2)/(-5)*(-3 - -18). Suppose a + 14 = 5*r. Calculate the greatest common fa